{"id":2250,"date":"2025-03-29T19:30:39","date_gmt":"2025-03-29T19:30:39","guid":{"rendered":"https:\/\/cpepabajocinca.es\/?page_id=2250"},"modified":"2025-08-29T08:46:54","modified_gmt":"2025-08-29T08:46:54","slug":"leer-juntos","status":"publish","type":"page","link":"https:\/\/cpepabajocinca.es\/index.php\/leer-juntos\/","title":{"rendered":"LEER JUNTOS"},"content":{"rendered":"\n<p><strong>Objetivos principales<\/strong> <strong>del programa educativo<\/strong>:<\/p>\n\n\n\n<p>\u2013 Promocionar los h\u00e1bitos de lectura cr\u00edtica de obras literarias entre los miembros de la Comunidad Educativa.<\/p>\n\n\n\n<p>\u2013 Plantear, a trav\u00e9s de la lectura de obras literarias, cuestiones de debate significativas para la sociedad actual: la educaci\u00f3n de los sentimientos, las desigualdades, problemas de la educaci\u00f3n, etc\u2026<\/p>\n\n\n\n<figure class=\"wp-block-image size-large\"><img loading=\"lazy\" decoding=\"async\" width=\"1024\" height=\"768\" src=\"https:\/\/cpepabajocinca.es\/wp-content\/uploads\/2025\/08\/leer-juntos-1024x768.jpg\" alt=\"\" class=\"wp-image-2603\" srcset=\"https:\/\/cpepabajocinca.es\/wp-content\/uploads\/2025\/08\/leer-juntos-1024x768.jpg 1024w, https:\/\/cpepabajocinca.es\/wp-content\/uploads\/2025\/08\/leer-juntos-300x225.jpg 300w, https:\/\/cpepabajocinca.es\/wp-content\/uploads\/2025\/08\/leer-juntos-768x576.jpg 768w, https:\/\/cpepabajocinca.es\/wp-content\/uploads\/2025\/08\/leer-juntos-1536x1152.jpg 1536w, https:\/\/cpepabajocinca.es\/wp-content\/uploads\/2025\/08\/leer-juntos-2048x1536.jpg 2048w\" sizes=\"auto, (max-width: 1024px) 100vw, 1024px\" \/><\/figure>\n","protected":false},"excerpt":{"rendered":"<p>Objetivos principales del programa educativo: \u2013 Promocionar los h\u00e1bitos de lectura cr\u00edtica de obras literarias entre los miembros de la Comunidad Educativa. \u2013 Plantear, a trav\u00e9s de la lectura de obras literarias, cuestiones de debate significativas para la sociedad actual: la educaci\u00f3n de los sentimientos, las desigualdades, problemas de la educaci\u00f3n, etc\u2026<\/p>\n","protected":false},"author":2,"featured_media":0,"parent":0,"menu_order":0,"comment_status":"closed","ping_status":"closed","template":"","meta":{"footnotes":""},"class_list":["post-2250","page","type-page","status-publish","hentry","post"],"_links":{"self":[{"href":"https:\/\/cpepabajocinca.es\/index.php\/wp-json\/wp\/v2\/pages\/2250","targetHints":{"allow":["GET"]}}],"collection":[{"href":"https:\/\/cpepabajocinca.es\/index.php\/wp-json\/wp\/v2\/pages"}],"about":[{"href":"https:\/\/cpepabajocinca.es\/index.php\/wp-json\/wp\/v2\/types\/page"}],"author":[{"embeddable":true,"href":"https:\/\/cpepabajocinca.es\/index.php\/wp-json\/wp\/v2\/users\/2"}],"replies":[{"embeddable":true,"href":"https:\/\/cpepabajocinca.es\/index.php\/wp-json\/wp\/v2\/comments?post=2250"}],"version-history":[{"count":3,"href":"https:\/\/cpepabajocinca.es\/index.php\/wp-json\/wp\/v2\/pages\/2250\/revisions"}],"predecessor-version":[{"id":2604,"href":"https:\/\/cpepabajocinca.es\/index.php\/wp-json\/wp\/v2\/pages\/2250\/revisions\/2604"}],"wp:attachment":[{"href":"https:\/\/cpepabajocinca.es\/index.php\/wp-json\/wp\/v2\/media?parent=2250"}],"curies":[{"name":"wp","href":"https:\/\/api.w.org\/{rel}","templated":true}]}}